b**2 - 5*b - 4. Calculate i(1).
227
Let n(c) = c**3 - 121*c**2 + 2458*c + 1133. Calculate n(95).
-7
Let k(n) = -70*n**3 + n**2 + 12*n - 12. Determine k(1).
-69
Let g(w) = -w**3 + 11*w**2 + 127*w - 16. Give g(18).
2
Let v(k) = -118*k + 681. Determine v(2).
445
Let l(k) = -k**3 - 50*k**2 - 3*k - 96. Determine l(-50).
54
Let u(z) = -3*z**2 - 37*z + 678. Give u(10).
8
Let j(x) = -x**3 + 6*x**2 + 8*x + 18. Calculate j(8).
-46
Let g(z) = 48*z - 19. Determine g(7).
317
Let o(v) = -v**2 + 179*v + 22085. Calculate o(-84).
-7
Let n(t) = -2*t**2 + 23*t - 14. Calculate n(9).
31
Let f(u) = -3*u**2 - 143*u + 39. Calculate f(-52).
-637
Let d(c) = c**3 - 30*c**2 + 29*c + 129. Calculate d(29).
129
Let r(q) = -41*q**2 + q + 2. Calculate r(-1).
-40
Let b(i) = 11*i + 562. What is b(-70)?
-208
Let b(f) = f**3 - 55*f**2 + 48*f + 329. Determine b(54).
5
Let t(c) = -67*c + 4168. Give t(62).
14
Let v(t) = -402*t + 8. Give v(0).
8
Let b(m) = -29*m - 139. What is b(-8)?
93
Let q(f) = 2*f**3 - 81*f**2 + 52*f - 526. Determine q(40).
-46
Let m(f) = -1996*f - 17964. Determine m(-9).
0
Let z(a) = a**3 - 48*a**2 + 100*a + 93. What is z(46)?
461
Let v(r) = -r**2 - 7*r + 892. What is v(25)?
92
Let q(s) = 7*s + 30. Determine q(-13).
-61
Let h(v) = -2*v**2 + 94*v - 721. What is h(8)?
-97
Let q(c) = 21*c + 19. Calculate q(-12).
-233
Let b(m) = 149*m - 296. Give b(1).
-147
Let n(m) = -14*m + 1349. Give n(124).
-387
Let m(y) = y**3 - 8*y**2 + 5*y + 12. Determine m(4).
-32
Let h(r) = 46*r - 6560. What is h(143)?
18
Let v(r) = r**3 + 58*r**2 - 176*r + 428. What is v(-61)?
1
Let y(v) = -40*v - 912. Determine y(-23).
8
Let t(v) = 7*v**2 - 41*v + 19. Determine t(4).
-33
Let p(s) = s**2 + 38*s + 221. Calculate p(0).
221
Let a(l) = -336*l - 1008. Give a(-3).
0
Let g(v) = -v**2 + 1072*v + 5375. What is g(-5)?
-10
Let d(p) = -96*p - 1825. Determine d(-19).
-1
Let i(z) = 6*z**3 - 4*z**2 - 3*z + 3. Give i(2).
29
Let j(u) = 534*u - 3743. Calculate j(7).
-5
Let p(x) = -x**2 + 86*x + 609. Give p(-8).
-143
Let p(x) = -2*x**3 - 56*x**2 + 61*x + 90. What is p(-29)?
3
Let u(t) = 181*t - 6698. Give u(37).
-1
Let k(r) = 3*r**2 - 22*r - 177. Give k(-5).
8
Let n(q) = q**2 - 21*q - 114. Give n(24).
-42
Let t(k) = -20*k + 115. What is t(6)?
-5
Let x(f) = 16*f**3 + 5*f**2 + 21*f + 18. Calculate x(-2).
-132
Let t(h) = -h**2 - 24*h + 106. Give t(9).
-191
Let w(s) = s**2 - 202*s - 413. Calculate w(-2).
-5
Let l(h) = -h**2 + 137*h - 3799. Determine l(98).
23
Let u(n) = -1918*n + 11495. Give u(6).
-13
Let q(u) = u**3 + 32*u**2 - 5*u - 290. Determine q(-32).
-130
Let u(f) = -67*f**2 - 217*f - 428. Calculate u(-2).
-262
Let c(o) = -6*o**2 - 9*o - 89. Determine c(-8).
-401
Let a(q) = 2*q**2 - 140*q + 115. Determine a(69).
-23
Let i(w) = 19*w - 380. Calculate i(-19).
-741
Let n(g) = g**2 + 190*g + 561. Give n(-3).
0
Let j(p) = -6*p**2 + 14*p + 4. Determine j(3).
-8
Let p(n) = 2*n**2 + 77*n + 708. Calculate p(-23).
-5
Let d(v) = -3*v**2 + 186*v - 2208. Calculate d(16).
0
Let j(n) = -12*n + 181. Determine j(20).
-59
Let y(q) = -2*q**3 - 12*q**2 + 97*q + 507. Determine y(-5).
-28
Let z(c) = -2*c**2 + 29*c - 135. Calculate z(8).
-31
Let m(j) = -29*j**3 - 15*j**2 - 12*j + 1. Calculate m(-1).
27
Let p(w) = 6*w**2 + w + 149. What is p(0)?
149
Let x(i) = -i**2 - 61*i - 91. Give x(-27).
827
Let o(a) = -219*a - 3517. Calculate o(-16).
-13
Let r(j) = -j**3 + 117*j**2 + 499*j - 1811. Determine r(121).
4
Let b(a) = -a**3 - 58*a**2 + 5*a - 98. Determine b(-58).
-388
Let u(k) = 106*k + 12930. Calculate u(-122).
-2
Let b(c) = 47*c**3 + 2*c**2 + 2*c - 99. Calculate b(0).
-99
Let o(b) = 291*b + 2022. Calculate o(-7).
-15
Let p(k) = k**3 + 112*k**2 - 833*k + 4. Give p(7).
4
Let u(m) = 11*m**2 + 250*m - 1994. Determine u(-29).
7
Let y(f) = -57*f**2 - 158*f + 157. Determine y(1).
-58
Let u(g) = 2*g**2 - 9*g - 25. Determine u(-6).
101
Let l(k) = -879*k - 69436. Determine l(-79).
5
Let a(x) = -9*x**3 - 4*x**2 - 4*x + 8. Determine a(1).
-9
Let k(z) = -80*z + 1471. What is k(15)?
271
Let y(w) = -w**2 + 1460*w + 38639. What is y(-26)?
3
Let g(f) = f**3 + 12*f**2 - 7*f - 55. What is g(-13)?
-133
Let t(y) = 8*y**2 + 20*y + 7. Determine t(1).
35
Let s(t) = -t**2 - 305*t + 1554. What is s(5)?
4
Let x(c) = c**3 - 32*c**2 + 242*c - 121. What is x(11)?
0
Let i(v) = 51*v + 438. Determine i(-9).
-21
Let v(t) = -2*t**3 + 7*t**2 + 24*t - 33. Determine v(8).
-417
Let a(z) = -366*z + 1406. Determine a(4).
-58
Let q(g) = 14*g - 450. What is q(33)?
12
Let m(v) = -2*v**2 + 300*v - 5619. Determine m(128).
13
Let a(i) = -3*i**2 - 52*i - 151. Give a(-11).
58
Let y(n) = 21*n**2 + 15*n - 2. Determine y(-3).
142
Let d(t) = -t**3 + 39*t**2 - 38*t - 62. Determine d(38).
-62
Let o(r) = 7*r**2 + 28*r + 195. Give o(-8).
419
Let u(r) = 2*r**3 + 24*r**2 - 38*r - 150. Give u(-13).
6
Let m(s) = -1793*s + 14337. Determine m(8).
-7
Let n(f) = -12*f**2 - 8*f + 24. Calculate n(2).
-40
Let c(s) = -s**2 + 120*s - 1670. Calculate c(16).
-6
Let l(v) = -v**3 - 47*v**2 + 210*v + 322. Determine l(-51).
16
Let x(b) = -2*b**3 - 9*b**2 + 77*b - 39. Give x(4).
-3
Let c(l) = 22*l**3 + 10*l**2 - 5*l - 5. Give c(1).
22
Let q(d) = 3*d**3 + 172*d**2 - 121*d - 45. Determine q(-58).
245
Let q(d) = d**3 - 4*d**2 - 8*d - 3. Give q(-3).
-42
Let m(q) = -q**2 + 72*q - 1272. What is m(31)?
-1
Let g(x) = -3*x**3 + 132*x**2 + x - 52. Calculate g(44).
-8
Let d(a) = -a**2 + 55*a + 690. Calculate d(65).
40
Let v(d) = d**3 + 5*d**2 + 5927*d + 35599. What is v(-6)?
1
Let p(m) = 309*m**3 + 60*m**2 + 60*m + 1. Give p(-1).
-308
Let a(i) = -203*i - 5518. Calculate a(-27).
-37
Let z(x) = -8*x - 209. Determine z(-27).
7
Let v(q) = q**3 - 36*q**2 - 43*q + 120. Calculate v(37).
-102
Let b(s) = -423*s + 2096. Calculate b(5).
-19
Let w(c) = c**3 + 5*c**2 + 6*c + 7. What is w(0)?
7
Let z(p) = -p**2 - 60*p - 1518. What is z(-46)?
-874
Let r(y) = y**3 + 191*y**2 + 7718*y + 534. Give r(-133).
2
Let h(x) = 2*x**3 - 28*x**2 - 28*x - 33. Calculate h(15).
-3
Let h(k) = 269*k + 10226. What is h(-38)?
4
Let w(j) = j**2 + 12*j - 13. What is w(-8)?
-45
Let u(g) = -11*g**2 - 188*g - 728. Calculate u(-4).
-152
Let n(k) = -160*k - 2448. What is n(-16)?
112
Let g(l) = l**2 - 98*l + 1136. Calculate g(13).
31
Let l(k) = k**2 - 20*k + 126. What is l(10)?
26
Let k(o) = -o**3 - 42*o**2 + 90*o + 125. Determine k(-44).
37
Let w(n) = -36*n**3 + 2*n**2 + 10*n + 9. Determine w(-1).
37
Let t(q) = 3*q**3 + 102*q**2 - 5. Calculate t(-34).
-5
Let f(h) = 3*h**3 + 7*h**2 + 9*h - 6. Calculate f(-2).
-20
Let a(i) = 57*i + 121. Calculate a(-2).
7
Let d(u) = 2*u**2 + 4*u - 205. What is d(10)?
35
Let s(o) = -35*o - 1561. Determine s(-43).
-56
Let r(y) = -163*y + 476. Calculate r(3).
-13
Let o(z) = 103*z**2 + 203*z + 202. Give o(-1).
102
Let c(f) = -3*f**2 - 25*f - 34. Calculate c(-15).
-334
Let l(r) = -952*r - 7589. Determine l(-8).
27
Let b(y) = -y**2 - 8*y - 17. What is b(-2)?
-5
Let m(s) = -2*s**2 + 190*s - 1699. Determine m(85).
1
Let c(i) = i**3 - 11*i**2 + 3677*i - 32937. Calculate c(9).
-6
Let l(r) = 49*r**2 + 150*r + 31. What is l(-3)?
22
Let c(b) = 16*b + 261. Give c(-19).
-43
Let k(t) = -395*t - 7507. Calculate k(-19).
-2
Let s(a) = -a**3 - 58*a**2 + 38*a - 1250. Calculate s(-59).
-11
Let y(a) = -a**3 + 30*a**2 - 2*a - 34. Calculate y(30).
-94
Let v(y) = 73*y + 224. Calculate v(-5).
-141
Let c(f) = -13*f**2 + 19*f + 170. Calculate c(-3).
-4
Let j(c) = -2*c**2 + 78*c - 152. Give j(37).
-4
Let v(r) = -12*r**2 - 102*r + 101. Give v(1).
-13
Let a(q) = q**2 - 21*q - 99. Determine a(-4).
1
Let r(l) = -l**3 + 43*l**2 + 53*l + 3908. Determine r(46).
-2
Let u(v) = -v**2 + 81*v + 433. Give u(78).
667
Let s(v) = -v**2 - 17*v + 6. Calculate s(-21).
-78
Let w(u) = 2*u**2 - 25*u + 342. Determine w(18).
540
Let g(c) = c**2 - 172*c + 6372. What is g(118)?
0
Let u(c) = -c**3 - 4*c**2 - 14*c + 22. Calculate u(6).
-422
Let f(o) = -68*o - 158. Give f(-10).
522
Let z(g) = 2*g**3 + 29*g**2 + 38*g - 37. Calculate z(-13).
-24
Let g(n) = -2*n**3 + 56*n**2 - 151*n + 14. Determine g(25).
-11
Let d(k) = 6*k**3 - 115*k**2 + 23*k - 76. Determine d(19).
0
Let s(r) = 226*r - 3422. Give s(15).
-32
Let y(p) = -10*p**3 + 2*p**2 + 20*p + 60. Determine y(-4).
652
Let j(f) = f**2 + 90*f + 1023. What is j(-13)?
22
Let x(o) = o**2 - 29*o - 74. Give x(23).
-212
Let r(o) = -4*o*